14 - -100?
-99
What is the value of -7 + 12 - (0 + -37) - (48 + (-38 - 12))?
44
(1 + 33 - -35) + 1 + -1 + 2 + -6
65
What is 4 - (-8 + (-7 - -7) + 27 - 2)?
-13
What is the value of 77 + 40 + 46 + -204?
-41
What is the value of (5 - -29) + (39 - (35 + -3) - (10 + 2))?
29
Evaluate 81 - (-10 - -56 - -30).
5
Evaluate 10 - ((1 - (-3 + 4) - -85) + (-463 - -461)).
-73
Evaluate (0 + 6 - (5 + -2)) + (-33 + 42 - 0).
12
38 - (50 + 23) - -52
17
What is the value of (-22 - -20 - 28) + (22 - 17)?
-25
What is the value of 2 - (-11 - -11) - 2 - 3 - -13?
10
Calculate -70 - ((-212 - -237) + 0 + -45).
-50
232 + -37 + -194 + (-2 - ((-2 - -76) + 2))
-77
What is -18 - (26 + 29 + -53 + (0 - -54))?
-74
Evaluate (-33 - -86) + 3 + 0 - (13 - 0).
43
Evaluate 149 + (-11 - -2) - 105.
35
Evaluate 15 + (23 - (-15 + -7 + 28)).
32
What is (7 - (30 + -32)) + 19?
28
What is the value of (27 + -81 + 86 - (-1 - -11)) + 13?
35
Calculate 10 + 14 + (3 - ((14 - -9) + -12)).
16
-37 + 51 + -25 + 24
13
What is -26 + (-10 - 12) + 170 + (-16 - -1)?
107
What is the value of (4 - 6) + (4 - 2 - (9 - -34))?
-43
What is -105 - (-44 + -10) - -34?
-17
What is 76 - 63 - (25 + -3) - 31?
-40
Calculate (-72 - -49) + (-58 - -75).
-6
13 + (15 - 70) + 10
-32
Evaluate 14 + (4 - -11) + 0 + -2 + 54.
81
Calculate -24 - (-112 + 34) - 62.
-8
What is the value of 22 - (23 + -34) - 42?
-9
Calculate (-83 - 7 - -81) + -76.
-85
What is 2 - (-2 - -24) - (-6 - 12) - 111?
-113
Calculate (-14 - (25 + 19 - 15)) + -17 + 30.
-30
Calculate 78 - (-1 + 1 - -1) - (-138 + (276 - 127)).
66
What is (3 + (-4 - 8) - (-28 + -3)) + -7 - -11?
26
What is 46 - ((94 - 35) + -68)?
55
What is (-17 - (-1 - 1)) + -19 + (37 - 17 - 3)?
-17
Calculate 6 + (2 - (-7 + 16) - -13 - 8) - -23.
27
What is the value of (-2 - -2) + -6 - (99 + (-34 - 52))?
-19
What is 2 + 3 - -1 - (-5 + 14 - (-11 - -5))?
-9
What is 3 + 1 - ((-52 - -25) + 44 + -34)?
21
Evaluate 68 - (27 - -111) - 14.
-84
Evaluate 7 + (35 - (-7 + 49)) + -91 + 1.
-90
Evaluate -132 - 1 - ((91 - 52 - 29) + 2 + -28).
-117
Calculate 31 + (-36 - -41) + (2 + -1 - -1).
38
Calculate 51 + (-113 - (11 + -41)).
-32
What is (37 - (21 + -35 + 63)) + 8?
-4
What is the value of -135 + 133 + 23 + (-1 - -5)?
25
Evaluate -623 - -669 - (97 + -2).
-49
What is 12 + (-4 - (0 + 9 - 2)) + 44?
45
Calculate 27 - 0 - (-11 - (17 - 32 - 8)) - 7.
8
Calculate 53 - ((-13 - -6) + 20 + 5 + -26).
61
Calculate -1 - (2 - 2) - (-16 - -96 - 1 - 8).
-72
Evaluate 6 + (-16 - -10) + (-17 + -7 + 20 - 26).
-30
Calculate 39 + 0 - (-55 + 90 + -6 + -42).
52
Evaluate -104 + (18 + (9 - 20) - (5 - (-4 - 8))).
-114
-46 + 27 + (-80 - -80)
-19
Evaluate -127 - (13 - (66 - -147)).
73
Calculate 10 - (-7 + (7 - (7 - -1)) - -6).
12
20 - (58 - 66) - 87
-59
What is the value of 113 - (0 + -9 - (-24 + -11 - (-1 + -25)))?
113
Evaluate (-5 - (41 - 69)) + -51.
-28
Calculate (12 - 1) + (3 - 14) + 1160 + -1264.
-104
What is the value of (75 - 81 - -8) + (34 - -1)?
37
Calculate (1822 - 1813) + (7 - 10 - (-2 - -38)).
-30
Calculate 141 - 130 - (14 + 2).
-5
What is the value of -115 + (291 - (213 + -77))?
40
(64 - 107) + (55 - 0)
12
What is 60 + (24 + -18 - 11) + -23?
32
Calculate 0 + (10 - 4) + -21 - (123 + 42 + -55).
-125
What is the value of (-41 - (-88 + -60)) + -151?
-44
What is 4 + (36 - (11 + -23 - -9))?
43
Calculate 18 - (2 + (-7 - (-12 + -17 - -15))).
9
What is the value of -18090 - -18018 - (-124 + 0)?
52
(9 - -7) + -28 + 5 + 15
8
What is -67 - (575 + -589 - (0 + -3 + -16))?
-72
(-2 - -5) + 10 + -55 + 22 + 14
-6
(-37 - -22) + 15 - 23 - 14
-37
Calculate (-2 - (0 + 1 - -2)) + (1267 - 1259).
3
-1 + 124 + (-2 - 4 - (-151 + 139)) + -12
117
-18 + (47 - (156 + -87))
-40
What is -142 + 82 - ((7 - 2) + 4 + -2)?
-67
What is 57 - (12 + (21 - (34 - 22)))?
36
Calculate 22 - -30 - (41 + -66 + 34).
43
What is the value of -5 - 4 - (295 + -347)?
43
What is 17 + (-16 - (-21 + 22 + -10))?
10
Calculate 16 + (-24 - ((32 - 26) + -8)).
-6
What is 36 + -20 - (8 - 5 - (0 + 0))?
13
Evaluate -75 + 2 + (20 + -32 - (-8 - 29)) + -14.
-62
What is -71 + 122 + -88 + -25?
-62
Calculate -35 + 58 - -172 - 73.
122
What is the value of (107 - 111 - -6) + -3 + 12?
11
What is -2 + -3 + -1 - (-6 + 1 + 36)?
-37
-3 + -1 - (-75 - 0) - (41 - (12 - -22))
64
Calculate -32 + (-128 - -115 - ((-28 - 2) + -1)).
-14
102 - (36 + (-2 - -21))
47
Evaluate (5 + -1 - 0) + 7 + -43 + 7 + -2.
-27
What is the value of -1 + -2 + 13 + -7 + (-5 - 27) + 91?
62
What is the value of -5 - -2 - (37 - (20 + 11 + -16))?
-25
Evaluate 18 - (-13 + 0 - (371 - 359)).
43
What is 0 + -10 + -5 + 92 + -111 + 9?
-25
Evaluate (-16487 - -16475) + (-2 - -4 - 4) + -13.
-27
-101 - (-115 + (-67 - -82))
-1
What is the value of -74 + (-39 - -74) + (-4 - (-3 + 7)) + 5?
-42
What is 14 + (-4 - (14 + 7)) - (-2 - -15)?
-24
-4 - -29 - (-46 - (-86 + 7))
-8
What is the value of -22 + (20 - -14) + -11 + (1 + -36 - 3)?
-37
Evaluate 93 + (6 - 3) + -24 + 12 + (-1 - -9).
92
Evaluate 10 + 1 - (77 + 65).
-131
Calculate (-2 - ((-12 - (11 - 19)) + 0 - 7)) + -25.
-16
What is 54 - (185 + -32 + -19)?
-80
50 + -15 + 11 + 1 + -5
42
What is the value of 0 + 8 - (-20 - (10 + -30 + 14))?
22
-48 + 38 + (-2 - -2 - 1) + 3
-8
Calculate (-161 + 24 - -110) + 72 + 2.
47
What is the value of 46 + (-3 - 1) + (16 - 14)?
44
What is the value of 84 - (-51 + 63 + 66)?
6
What is 162 + -181 + 11 + -2 + 114?
104
What is 8 - (34 + -33) - 36?
-29
Evaluate 0 + -1 + (-1800 - -1792).
-9
37 + (52 - 42) + 2
49
Calculate (-11 - -6) + 31 + (27 - 26 - 11) - 2.
14
-4 + (-39 - -77) + -9
25
What is the value of (1 + 7 - (43 + (-128 - 4))) + 1 + -1?
97
Calculate (-4 + -11 - -7) + -2 + (-2 - -3) + -6.
-15
What is 55 - (177 + -133) - ((1 - 0) + 1 + -1)?
10
What is (0 - 1) + 0 + -50 + -70 + 102?
-19
Calculate 42 + -5 - -1 - 16.
22
Calculate 20 + -33 - 23 - -67.
31
-1154 + 1012 - (-2 + -72)
-68
(-36 - (-30 - 3)) + (15 - (0 - 0))
12
-97 + 1 - (16307 + -16344)
-59
-21 + 51 + -55 + -16 + -3
-44
-32 + 2 - 12 - (11 - 10 - (11 + -17))
-49
What is the value of 41 - (-4 + -1 - (-14 - -15 - 16))?
31
What is the value of (-40 + 41 - -53) + -19?
35
What is (-16 - (-46 + (3 - 15))) + 2?
44
What is the value of 6 - (14 - -134) - (-8 - -15 - 13)?
-136
What is the value of (-16 + 4 - (2 - 6) - 6) + 9 + -6?
-11
Calculate (1 - 6) + -7 - 52 - -2 - -10.
-52
Calculate -27 + (14 - (0 - 29)).
16
What is -7 + 1 - (31 + (11 - 23) + -4)?
-21
Evaluate (23 + -1 - (408 + -350)) + 18.
-18
Calculate (52 - -12) + (-192 - -149).
21
Evaluate (-12 + (12 - (20 - (-1 - -5))) - -8) + -53.
-61
0 + 2 + -6 + 2 - (622 - 511)
-113
((-3 - 0) + 6 - 50) + (23 + -105 - -72)
-57
What is the value of 68 - (4 + -1 + 394 + -368)?
39
(-5 + -1 - 35) + (-563 - -572)
-32
What is the value of -142 - (-229 - -124) - -163?
126
Evaluate 11 + (17 + 0 - 0).
28
(50 - 38) + (-8 - 4 - 53)
-53
Evaluate -8 + 1 + -10 + -9 + 13 + -18.
-31
What is 15 + 28 + 88 + (2 + -3 - (0 + 12))?
118
Calculate (1 - 1 - (50 - (-43 - -32))) + -18.
-79
What is -26 - (-24 - (14 + -25)) - 1?
-14
What is 270 + -276 - (-7 + -1 + -73)?
75
What is the value of (-16 - 4) + -72 + 78 + 42?
28
(14 - -4 - (37 + 77)) + 9 + 0
-87
Evaluate -22 + 4 + -22 + 15 - (-3 - (-5 - -8)).
-19
What is 86 + (-86 + 12 - -41)?
53
What is 23 + (11 - 17 - 3) + 4 + -10?
8
-31 - (3 + (-10 - -57)) - -21
-60
51 + (-4 - 58) + 2
-9
Calculate (1 - -1) + (6 + -58 + 29 - -25 - -96).
100
Evaluate (323 - 347) + 9 + 15.
0
What is 9 + -6 + -1 + (155 - 151)?
6
What is -57 + (79 - (-64 - -79))?
7
What is the value of 8 + 40 + -12 + -35 + (-22 + -3 - 3)?
-27
What is (-7 - (23 - 3)) + 17 + (-2 - -1) + -10?
-21
Evaluate 3 + (11 - 3) + -23 - (8 + -6 + -27).
13
Calculate 28 + (-71 - -109) - (4 + 7).
55
-105 + (-89 - -204) - (4 + (-29 - -2))
33
What is -63 - (27 - 68 - 32)?
10
What is 4300 + -4332 - (-1 - (4 - 2))?
-29
What is (-5 - (-3 - -2) - -12) + 6 + (-51 - -9)?
-28
Evaluate 16 + (-49 - 8) + 2.
-39
(33429 - 33472) + (0 - 1 - 8) + (-2 - -4)
-50
Evaluate -1 - 0 - (4 - -22) - (486 + -496).
-17
What is 40 + -46 + -18 + 0?
-24
What is -88 + (127 - 22) + 1?
18
What is the value of (-32 - 15) + (-18 + 2 - 12)?
-75
What is -6 + (10 - (-38 + 19)) - (1 + 0 - 4)?
26
2 + -46 + 3 + -2 + (-3 + 29 - 28)
-45
What is the value of -1 + 1 - (-238 + 164 + (-11 - 3))?
88
Calculate -20 - (10 - (-18 - (14 - 23)) - 9).
-30
Evaluate (39 - 16 - 